{"id":91,"date":"2013-07-09T18:35:59","date_gmt":"2013-07-09T23:35:59","guid":{"rendered":"http:\/\/www.implamet.com\/site\/?page_id=91"},"modified":"2013-10-07T17:55:51","modified_gmt":"2013-10-07T22:55:51","slug":"que-hacemos","status":"publish","type":"page","link":"http:\/\/www.implamet.com\/site\/nosotros\/que-hacemos\/","title":{"rendered":"<!--:es-->\u00bfQu\u00e9 hacemos?<!--:--><!--:en-->Solutions<!--:-->"},"content":{"rendered":"<p><!--:es--><img fetchpriority=\"high\" decoding=\"async\" class=\"aligncenter size-full wp-image-113\" alt=\"Implamet | Planta Fabricaci\u00f3n\" src=\"http:\/\/www.implamet.com\/site\/wp-content\/uploads\/2013\/07\/implamet-quehacemos1.jpg\" width=\"1000\" height=\"200\" srcset=\"http:\/\/www.implamet.com\/site\/wp-content\/uploads\/2013\/07\/implamet-quehacemos1.jpg 1000w, http:\/\/www.implamet.com\/site\/wp-content\/uploads\/2013\/07\/implamet-quehacemos1-300x60.jpg 300w\" sizes=\"(max-width: 1000px) 100vw, 1000px\" \/><\/p>\n<div class=\"symple-column symple-one-half symple-column-first \">\n<h1>Planta Fabricaci\u00f3n<\/h1>\n<div class=\"symple-box blue none \" style=\"text-align:left; width:100%;\"> \nConstruimos:<\/p>\n<p>&#8211; Series Racks In\/Out Plant<br \/>\n&#8211; Pallets para proceso de estampado<br \/>\n&#8211; Racks y Dollies para l\u00edneas de Secuenciado (Modelo JIS)<br \/>\n&#8211; Dispositivos con partes de integraci\u00f3n para piezas pintadas<br \/>\n&#8211; Carros\/Dollies para sistemas Kan Ban, Supermercado y JIT<br \/>\n&#8211; Dispositivos para motores, ejes, tren motriz<br \/>\n&#8211; Contenedores con textiles para partes delicadas pero con recorrido rudo.<br \/>\n&#8211; Mantenimiento de dispositivos en su planta<\/p>\n<\/div>\n<\/div>\n<div class=\"symple-column symple-one-half symple-column-last \">\n<h1>Ingenier\u00eda &#8211; Concepto a Realidad<\/h1>\n<div class=\"symple-box gray none \" style=\"text-align:left; width:100%;\"> \n<p>&#8211; Optimizaci\u00f3n de dispositivos existentes enfocados a reducci\u00f3n de costos, peso, o adaptar caracter\u00edsticas de nuevos modelos o partes.<br \/>\n&#8211; Construimos prototipos de empaques a partir del modelo matem\u00e1tico.<br \/>\n&#8211; Generamos dibujos t\u00e9cnicos, modelos 3D y documentaci\u00f3n.<\/p>\n<\/div>\n<\/div>\n<p><img decoding=\"async\" class=\"size-full wp-image-114 alignnone\" alt=\"Implamet | Ingenier\u00eda\" src=\"http:\/\/www.implamet.com\/site\/wp-content\/uploads\/2013\/07\/implamet-quehacemos2.jpg\" width=\"1000\" height=\"200\" srcset=\"http:\/\/www.implamet.com\/site\/wp-content\/uploads\/2013\/07\/implamet-quehacemos2.jpg 1000w, http:\/\/www.implamet.com\/site\/wp-content\/uploads\/2013\/07\/implamet-quehacemos2-300x60.jpg 300w\" sizes=\"(max-width: 1000px) 100vw, 1000px\" \/><!--:--><!--:en--><img fetchpriority=\"high\" decoding=\"async\" class=\"aligncenter size-full wp-image-113\" alt=\"Implamet | Planta Fabricaci\u00f3n\" src=\"http:\/\/www.implamet.com\/site\/wp-content\/uploads\/2013\/07\/implamet-quehacemos1.jpg\" width=\"1000\" height=\"200\" srcset=\"http:\/\/www.implamet.com\/site\/wp-content\/uploads\/2013\/07\/implamet-quehacemos1.jpg 1000w, http:\/\/www.implamet.com\/site\/wp-content\/uploads\/2013\/07\/implamet-quehacemos1-300x60.jpg 300w\" sizes=\"(max-width: 1000px) 100vw, 1000px\" \/><\/p>\n<div class=\"symple-column symple-one-half symple-column-first \">\n<h1>Manufacturing<\/h1>\n<div class=\"symple-box blue none \" style=\"text-align:left; width:100%;\"> \nWe build:<\/p>\n<p>&#8211; Racks Indoor\/Outdoor<br \/>\n&#8211; Pallets for Stamping Process<br \/>\n&#8211; Racks and Dollies for Sequency Assembly Line<br \/>\n&#8211; Devices with integration parts for paint shop.<br \/>\n&#8211; Dollies for Kan Ban, Supermarket and JIT philosophy.<br \/>\n&#8211; Containers and devices for engines, axles, shocks, etc.<br \/>\n&#8211; Racks with textile parts for delicated parts but with rough handling.<br \/>\n&#8211; Repairing and maintenance in your plant.<\/p>\n<\/div>\n<\/div>\n<div class=\"symple-column symple-one-half symple-column-last \">\n<h1>Engineering \u2013 Concept to Reality<\/h1>\n<div class=\"symple-box gray none \" style=\"text-align:left; width:100%;\"> \n<p>&#8211; We optimize actual containers or devices focused on lowering costs, weight or adapt features due to new part models.<br \/>\n&#8211; We build prototypes parting from 3D math data.<br \/>\n&#8211; We generate technical data, 3D models and documentation.<br \/>\n<\/div>\n<\/div>\n<p><img decoding=\"async\" class=\"size-full wp-image-114 alignnone\" alt=\"Implamet | Ingenier\u00eda\" src=\"http:\/\/www.implamet.com\/site\/wp-content\/uploads\/2013\/07\/implamet-quehacemos2.jpg\" width=\"1000\" height=\"200\" srcset=\"http:\/\/www.implamet.com\/site\/wp-content\/uploads\/2013\/07\/implamet-quehacemos2.jpg 1000w, http:\/\/www.implamet.com\/site\/wp-content\/uploads\/2013\/07\/implamet-quehacemos2-300x60.jpg 300w\" sizes=\"(max-width: 1000px) 100vw, 1000px\" \/><!--:--><\/p>\n","protected":false},"excerpt":{"rendered":"","protected":false},"author":1,"featured_media":0,"parent":9,"menu_order":0,"comment_status":"closed","ping_status":"open","template":"templates\/template-fullwidth.php","meta":{"site-sidebar-layout":"default","site-content-layout":"","ast-site-content-layout":"default","site-content-style":"default","site-sidebar-style":"default","ast-global-header-display":"","ast-banner-title-visibility":"","ast-main-header-display":"","ast-hfb-above-header-display":"","ast-hfb-below-header-display":"","ast-hfb-mobile-header-display":"","site-post-title":"","ast-breadcrumbs-content":"","ast-featured-img":"","footer-sml-layout":"","ast-disable-related-posts":"","theme-transparent-header-meta":"","adv-header-id-meta":"","stick-header-meta":"","header-above-stick-meta":"","header-main-stick-meta":"","header-below-stick-meta":"","astra-migrate-meta-layouts":"default","ast-page-background-enabled":"default","ast-page-background-meta":{"desktop":{"background-color":"var(--ast-global-color-5)","background-image":"","background-repeat":"repeat","background-position":"center center","background-size":"auto","background-attachment":"scroll","background-type":"","background-media":"","overlay-type":"","overlay-color":"","overlay-opacity":"","overlay-gradient":""},"tablet":{"background-color":"","background-image":"","background-repeat":"repeat","background-position":"center center","background-size":"auto","background-attachment":"scroll","background-type":"","background-media":"","overlay-type":"","overlay-color":"","overlay-opacity":"","overlay-gradient":""},"mobile":{"background-color":"","background-image":"","background-repeat":"repeat","background-position":"center center","background-size":"auto","background-attachment":"scroll","background-type":"","background-media":"","overlay-type":"","overlay-color":"","overlay-opacity":"","overlay-gradient":""}},"ast-content-background-meta":{"desktop":{"background-color":"var(--ast-global-color-4)","background-image":"","background-repeat":"repeat","background-position":"center center","background-size":"auto","background-attachment":"scroll","background-type":"","background-media":"","overlay-type":"","overlay-color":"","overlay-opacity":"","overlay-gradient":""},"tablet":{"background-color":"var(--ast-global-color-4)","background-image":"","background-repeat":"repeat","background-position":"center center","background-size":"auto","background-attachment":"scroll","background-type":"","background-media":"","overlay-type":"","overlay-color":"","overlay-opacity":"","overlay-gradient":""},"mobile":{"background-color":"var(--ast-global-color-4)","background-image":"","background-repeat":"repeat","background-position":"center center","background-size":"auto","background-attachment":"scroll","background-type":"","background-media":"","overlay-type":"","overlay-color":"","overlay-opacity":"","overlay-gradient":""}},"footnotes":""},"class_list":["post-91","page","type-page","status-publish","hentry"],"aioseo_notices":[],"_links":{"self":[{"href":"http:\/\/www.implamet.com\/site\/wp-json\/wp\/v2\/pages\/91","targetHints":{"allow":["GET"]}}],"collection":[{"href":"http:\/\/www.implamet.com\/site\/wp-json\/wp\/v2\/pages"}],"about":[{"href":"http:\/\/www.implamet.com\/site\/wp-json\/wp\/v2\/types\/page"}],"author":[{"embeddable":true,"href":"http:\/\/www.implamet.com\/site\/wp-json\/wp\/v2\/users\/1"}],"replies":[{"embeddable":true,"href":"http:\/\/www.implamet.com\/site\/wp-json\/wp\/v2\/comments?post=91"}],"version-history":[{"count":20,"href":"http:\/\/www.implamet.com\/site\/wp-json\/wp\/v2\/pages\/91\/revisions"}],"predecessor-version":[{"id":391,"href":"http:\/\/www.implamet.com\/site\/wp-json\/wp\/v2\/pages\/91\/revisions\/391"}],"up":[{"embeddable":true,"href":"http:\/\/www.implamet.com\/site\/wp-json\/wp\/v2\/pages\/9"}],"wp:attachment":[{"href":"http:\/\/www.implamet.com\/site\/wp-json\/wp\/v2\/media?parent=91"}],"curies":[{"name":"wp","href":"https:\/\/api.w.org\/{rel}","templated":true}]}}